f 4723137 and 1134?
27
What is the greatest common factor of 8 and 21726016?
8
Calculate the highest common factor of 38676 and 33698516.
1172
Calculate the highest common factor of 7922 and 538137499.
3961
Calculate the greatest common divisor of 488 and 8119039.
61
Calculate the highest common divisor of 11332475 and 2475.
275
Calculate the greatest common factor of 186466 and 95336.
1402
What is the highest common divisor of 39671988 and 60?
12
What is the highest common factor of 461077 and 3474?
193
What is the greatest common divisor of 1312 and 1204918168?
328
Calculate the greatest common factor of 2363425 and 122275.
1675
What is the greatest common divisor of 335 and 156350195?
335
Calculate the greatest common factor of 4988 and 215644.
116
Calculate the highest common factor of 765 and 5214546.
153
Calculate the greatest common factor of 18389 and 3880576.
497
What is the highest common factor of 56213 and 1026440?
67
What is the greatest common factor of 1170 and 53895816?
234
Calculate the highest common factor of 101 and 274433.
1
Calculate the greatest common factor of 4191809 and 782.
17
What is the greatest common divisor of 633253855 and 585?
65
What is the highest common divisor of 759012 and 2280?
228
What is the greatest common divisor of 775588 and 13948?
44
Calculate the highest common divisor of 4436 and 3580.
4
What is the highest common factor of 122919287 and 3896?
487
Calculate the highest common divisor of 63347152 and 616.
88
What is the highest common divisor of 874490 and 7090610?
5570
Calculate the highest common factor of 12270 and 9210.
30
Calculate the highest common divisor of 132 and 409338798.
66
What is the highest common factor of 693 and 1202364?
9
What is the greatest common divisor of 61533 and 41753?
43
Calculate the highest common factor of 817062850 and 20.
10
Calculate the greatest common factor of 13770 and 158310.
90
What is the greatest common factor of 1178266096 and 21?
7
What is the highest common factor of 24888642 and 666?
222
Calculate the highest common divisor of 199086525 and 165.
165
What is the highest common factor of 24757654 and 186?
62
Calculate the greatest common divisor of 11 and 8281207.
11
What is the greatest common divisor of 6648 and 24097338?
1662
What is the greatest common divisor of 1100 and 4116596?
44
What is the greatest common divisor of 578 and 52842494?
578
Calculate the greatest common factor of 17034978 and 786.
786
What is the greatest common factor of 6418 and 91135600?
6418
Calculate the highest common divisor of 640 and 5982592.
128
Calculate the highest common factor of 179224104 and 48.
24
What is the highest common divisor of 252189 and 1791?
9
What is the greatest common divisor of 1101 and 65725296?
1101
What is the greatest common factor of 655018007 and 17?
17
What is the highest common divisor of 90509696 and 270976?
3712
Calculate the greatest common divisor of 28533489 and 33.
3
What is the highest common factor of 28096 and 1774438?
878
Calculate the highest common factor of 2878 and 117282.
2
Calculate the highest common divisor of 69968 and 704.
16
Calculate the greatest common factor of 117 and 28082028.
39
Calculate the greatest common factor of 12 and 362156.
4
What is the highest common factor of 6951 and 6142668?
21
What is the highest common factor of 149930 and 244024?
1034
What is the highest common divisor of 263589 and 23739?
123
What is the greatest common divisor of 1309833 and 514080?
1071
Calculate the greatest common factor of 8404 and 3401728.
44
Calculate the highest common factor of 2835 and 5133051.
567
Calculate the highest common divisor of 7896 and 43470112.
2632
Calculate the highest common factor of 54289250 and 20.
10
What is the greatest common factor of 1662413 and 17663?
17
Calculate the highest common divisor of 1783791 and 235.
47
What is the greatest common factor of 42037 and 111506?
127
What is the highest common divisor of 16106416 and 176?
16
Calculate the greatest common factor of 3021 and 212415573.
3021
Calculate the greatest common divisor of 807552 and 3118464.
1152
Calculate the highest common divisor of 1609036 and 13677.
97
Calculate the greatest common factor of 13119708 and 1722.
42
What is the greatest common divisor of 3897844 and 1691?
89
What is the greatest common factor of 50623 and 6260922?
1633
What is the highest common factor of 244 and 995642?
122
What is the highest common factor of 2131 and 32?
1
Calculate the greatest common factor of 11660662 and 338.
338
Calculate the highest common factor of 4066 and 1270304.
214
What is the greatest common divisor of 567853 and 259198?
361
What is the highest common divisor of 2713924 and 4?
4
What is the highest common divisor of 1635 and 184866180?
1635
What is the greatest common divisor of 1198 and 42253460?
1198
What is the greatest common divisor of 195003736 and 408?
136
What is the greatest common factor of 120 and 95848254?
6
What is the greatest common divisor of 2035 and 15140215?
185
What is the greatest common divisor of 2075 and 3155660?
415
What is the highest common divisor of 419 and 161337207?
419
Calculate the greatest common factor of 8103 and 111555.
111
What is the highest common factor of 85120 and 107920?
1520
What is the greatest common divisor of 29928 and 991752?
1032
What is the greatest common factor of 7 and 3529027?
1
Calculate the greatest common divisor of 1495480 and 5995.
545
What is the greatest common factor of 44 and 195677141?
11
What is the greatest common divisor of 765 and 16551?
9
Calculate the greatest common divisor of 4224006 and 488.
122
Calculate the greatest common divisor of 3202052 and 1176.
196
Calculate the highest common factor of 5026 and 542449.
359
Calculate the highest common factor of 117394 and 6687.
743
What is the highest common factor of 12 and 34044918?
6
Calculate the highest common divisor of 2821 and 223262.
403
What is the highest common factor of 2058 and 478245243?
1029
Calculate the highest common factor of 1641251 and 16608.
173
What is the highest common factor of 35 and 26189?
1
Calculate the greatest common factor of 2210 and 4689490.
130
What is the highest common divisor of 117840 and 13840?
80
Calculate the greatest common divisor of 14388279 and 65459.
977
What is the highest common factor of 3060568 and 2580?
172
What is the highest common divisor of 2382 and 620904030?
2382
Calculate the greatest common divisor of 48185 and 139380.
115
What is the highest common factor of 508381029 and 486?
243
What is the greatest common factor of 547466 and 4921?
19
Calculate the highest common factor of 7643009 and 1379.
197
Calculate the highest common divisor of 1481401 and 34579.
229
What is the highest common factor of 1459208 and 44?
4
Calculate the highest common factor of 24 and 1035430128.
24
What is the highest common divisor of 289639948 and 442?
442
Calculate the greatest common divisor of 1551158 and 168973.
707
Calculate the greatest common factor of 142084324 and 91424.
11428
Calculate the highest common divisor of 1584181 and 37381.
1289
What is the highest common divisor of 2528 and 354160?
16
What is the greatest common divisor of 128 and 11811880?
8
What is the highest common divisor of 89 and 39798397?
89
What is the highest common factor of 765682 and 888782?
2462
Calculate the greatest common divisor of 4396 and 8324.
4
Calculate the highest common factor of 1576 and 69707465.
197
What is the highest common divisor of 23087777 and 124?
31
What is the highest common divisor of 113252 and 4924?
4924
What is the greatest common factor of 18924 and 72789?
57
Calculate the highest common divisor of 938784 and 60198.
762
What is the highest common divisor of 3873152 and 20096?
128
Calculate the highest common factor of 294 and 470423310.
42
What is the greatest common factor of 76 and 37274708?
4
Calculate the greatest common factor of 2916 and 3246.
6
Calculate the greatest common divisor of 5601701 and 7.
7
Calculate the greatest common factor of 216767508 and 5774.
5774
What is the greatest common divisor of 462834594 and 90?
18
What is the greatest common divisor of 1035501470 and 30?
10
What is the greatest common factor of 87575 and 25538?
113
Calculate t